6*c - 32*c + 11832. What is the thousands digit of c?
1
Suppose t + t - 24 = 0. Suppose -5*d - 3*g = -34, 4*d = 5*g - 2*g + 11. Let x = t - d. What is the units digit of x?
7
Let x be 0 - (-2 - -2) - -114. Let d be x/27 - (-6)/(-27). What is the units digit of (33/(-12))/(d/(-16))?
1
Suppose 0*w = -w + 3. Let d = 5 - w. What is the units digit of 12/(-16)*d*-10?
5
Suppose -20 = -o + 6. Let n = o - 14. Suppose 0*r + 3*r = n. What is the units digit of r?
4
Let b be 0 - 870/25*110/3. What is the units digit of b/(-16) - (-3)/12?
0
Let b(k) = -k + 1. Let z(j) = 20*j + 4. Let o(v) = -3*b(v) - z(v). What is the hundreds digit of o(-10)?
1
Let b be (-3)/2*8/(-3). Let t(h) = 6*h + 4. Let r(c) = -7*c - 3. Let m(f) = -6*r(f) - 5*t(f). What is the tens digit of m(b)?
4
Let p be 8/60 - 2559/(-45). Let g = p + -38. What is the units digit of g?
9
Let h(k) be the third derivative of -k**5/60 - 4*k**4/3 - 14*k**3/3 + 11*k**2. What is the tens digit of h(-30)?
3
Let z be ((-4)/(-16)*0)/3. Suppose -p - 22 = -2*a + 131, z = -4*a - 2*p + 294. What is the tens digit of a?
7
Suppose 0 = -5*q + 10, -2*q + 32 = 2*t - 0*q. Let k(c) = -c**3 - 12*c**2 - 19*c - 44. Let j be k(-11). Suppose -10*f = -t*f + j. What is the tens digit of f?
1
Let b(n) = -n**2 + 3*n + 32. Let p be b(8). What is the tens digit of 12/p*(-444)/9?
7
Let r(i) = i**3 + 41*i**2 + 31*i + 51. What is the units digit of r(-40)?
1
Suppose 0 = 5746*s - 5754*s + 36224. What is the units digit of s?
8
Let t(h) = -2*h**3 - 19*h**2 - 18*h - 8. What is the units digit of t(-12)?
8
Suppose -4*h + 2*h = 5*p - 231, 2*p - 3*h - 100 = 0. Let b be (0 - 0) + (p - 6). Let z = b - 3. What is the tens digit of z?
3
Let p = -11 - -35. Suppose 2*k + 0*k - p = 0. What is the tens digit of k/((-21)/8 + 3)?
3
Suppose -8*q + 4767 = 791. What is the hundreds digit of q?
4
Suppose -5*f + 3*c = -3668, 2*c = 5*f + 63 - 3735. What is the hundreds digit of f?
7
Let r(c) = -c**2 + 3*c + 4. Let b(h) = -2*h**2 + 7*h + 9. Let n(z) = 4*b(z) - 9*r(z). Let u be n(-2). What is the tens digit of (1 - -2 - -17)/u?
1
Let u = 4 - -4. Let x(k) = -3 - 3 + 19*k - u*k**2 + k**3 - 11*k + 2. What is the units digit of x(7)?
3
Suppose -50 = 2*q + 4*u, -4*u = -19 + 7. What is the hundreds digit of -7*(q - (3 + -3))?
2
Let a = -259 + 266. What is the units digit of a?
7
Suppose -2*l + 5*l = 4*t + 275, 4*t - 4*l + 276 = 0. Let b = t + 177. What is the units digit of b?
9
Suppose -87 + 1491 = 3*j. Suppose 0 = -z - 4*p + 108, -j = -0*z - 4*z + 2*p. What is the units digit of z?
6
Suppose -1 = -w - 7. Let i be 0 - (-5)/((-10)/w). Suppose 3*n = i*f - 66, 0*n = f + n - 24. What is the units digit of f?
3
Let o be 3*-1 + (1 - -22). Suppose 0 = -21*d + o*d + 15. What is the tens digit of d?
1
Let x be (9/(-6))/((-4)/((-16)/(-3))). Suppose -4*h + 20 = x*j, -5*j + 0*j + 50 = 4*h. What is the tens digit of j?
1
Let w = 68 + -68. What is the tens digit of w - ((-18)/81 - 916/9)?
0
Suppose -29 = -3*k + o, -7*k = -4*k - 3*o - 39. Suppose -k*z = -4*z - 804. What is the tens digit of z?
0
Let s = 70 + -157. Let j = -47 - s. What is the tens digit of j?
4
Let w = -4 - 0. Let o be (-2 - 1*w)*-5. What is the units digit of (o/(-4))/((-5)/(-10))?
5
Let x be (-4)/22 - (-24)/11. Let o(a) be the second derivative of 5*a**4/6 - a**3/2 + 3*a**2/2 + 13*a. What is the units digit of o(x)?
7
Let l(m) = -m - 1. Let g be l(-2). Suppose -4*h = -g - 15. Suppose 0 = -5*s + n + 23, -2*n + h*n = -6. What is the units digit of s?
4
Suppose -v + 1 + 1 = 0. Suppose 132 - 18 = v*s. Let a = 9 + s. What is the tens digit of a?
6
Suppose 3*j + 114 = 3*a - 183, -j = -5*a + 99. Let t = j - -160. What is the units digit of t?
1
Let n(s) = s - 9. Let u be n(12). Let c be u/(-7) - (-9)/21. Suppose 5*b = -5*o - c*o + 25, -3*b + 3*o + 45 = 0. What is the units digit of b?
0
Let b be (-2 + 4 - 0)*4. Let j = -57 - -153. What is the units digit of (20/6)/(b/j)?
0
Let p be 2/(-6) + (-1595)/(-33). Suppose 3*n = 12, 2*o + 5*n - p = 20. What is the tens digit of o?
2
Let f be (4 + -5 - -4) + 1. Suppose -f*c = -2*c - 498. Suppose -7*p = -171 - c. What is the tens digit of p?
6
Let x(f) = 7*f**2 - 5*f - 5*f**3 + f + 4*f**3 + 1 - 2*f. Let b be x(6). What is the tens digit of 22 + b/(1/4)?
2
Let l(u) = 2*u**2 - 12. Let v be l(-7). Suppose -5*t + 411 = v. What is the units digit of t?
5
Let w = 8 - 4. Suppose 4*m = -m + 15. Suppose 87 = 3*b - m*u, 3*b + w*u - 111 = u. What is the units digit of b?
3
Suppose 0 = 3*s - 3, -21*s = 3*k - 25*s - 6449. What is the hundreds digit of k?
1
Suppose 11*n - 2169 = 2792. What is the units digit of n?
1
Let m be (-8 - 1)*(-15 + 12). Let g = m + 20. What is the tens digit of g?
4
Let n(w) = 26*w - 6 - 3 - 18*w. What is the tens digit of n(6)?
3
Let q = -10 + 13. Let a = q + -2. Suppose 0 = 3*k + a - 100. What is the units digit of k?
3
Suppose 0 = 5*x + 5*m - 2735, 248*x - 245*x + 4*m - 1646 = 0. What is the tens digit of x?
4
Suppose 14 + 1 = 5*d. Suppose -d*k + 171 = 24. What is the tens digit of k?
4
Suppose f - 248 - 536 = 4*u, -2*f = -3*u - 593. Let o = u - -341. What is the tens digit of o?
4
Let c = 62 + -127. Let a = c - -44. Let u = 47 + a. What is the tens digit of u?
2
Let w(z) = 3*z**3 - 10*z**2 + 30*z. What is the hundreds digit of w(7)?
7
Let m be ((-2)/8 - (-2778)/168)*42. Suppose -2*f + 3*k + 279 = 0, 4*f - 4*k = m - 136. What is the tens digit of f?
3
Let u(w) = 2*w**3 - w**2 - 6*w - 41. What is the hundreds digit of u(9)?
2
Suppose 6*m - 20 = 2*m. Suppose 9 = 3*f, m*p - 161 = -3*f + 143. What is the tens digit of p?
5
Let o(z) = 52*z**2 - 4*z - 33. What is the hundreds digit of o(-5)?
2
Suppose -84*q = -85*q + 1178. What is the units digit of q?
8
Let g(i) = i**2 + 13*i + 22. Let n be g(-9). Let r(l) = l**2 + 5*l - 13. What is the tens digit of r(n)?
1
Suppose 0 + 2 = m - f, m - 2*f = 4. What is the tens digit of (m + 18)*21/14?
2
Let k(h) = 27*h**2 - 2*h + 5. What is the hundreds digit of k(-4)?
4
Suppose -257 = 11*r - 12*r. Let v = r + -130. What is the hundreds digit of v?
1
Suppose t = -4*j + 54, -333 + 41 = -4*t + 3*j. What is the units digit of t?
0
Suppose -x = 3*i + 952 - 105, -3*i + 3*x - 843 = 0. Let l = 398 + i. What is the units digit of l?
6
Let l(t) be the third derivative of -1/60*t**6 + 1/8*t**4 - 1/30*t**5 + 4*t**2 - 1/2*t**3 + 0*t + 0. What is the units digit of l(-3)?
4
Suppose -2*s = 4*h - 22, -h + 3*h - 7 = 3*s. Suppose -u + o + 7 = 0, -h*u + u = -o - 13. What is the units digit of (1/u + -1)*-2?
1
Let l be 4/(20/15) + -3. Suppose 2*z + 3*t - 595 = l, 3*t = -z + 2*t + 296. What is the tens digit of z?
9
Suppose 5*v - 1606 = 379. What is the units digit of v?
7
Let g(r) = -r**2 + 12*r - 31. Let m be g(7). Suppose 0 = -m*h + x + 1025, -4*h = -5*x - 520 - 509. What is the hundreds digit of h?
2
Let g = 7815 - 4597. What is the units digit of g?
8
Let k = 104 - 67. Suppose -q + k = n, -131 = -6*q + 3*q + n. What is the units digit of q?
2
Suppose 0*o = 2*o - 18. Let z be (o/(-27))/((-1)/15). Suppose -z*i = -0*i - 15. What is the units digit of i?
3
What is the tens digit of ((-60)/(-7))/(200/1400)?
6
Let a = 53 + -68. What is the units digit of 18*2/((-10)/a)?
4
Let m = -523 + 179. Let g = -224 - m. Suppose 3*c = 2*c - 2*s + 12, 5*c - g = 2*s. What is the tens digit of c?
2
Let t(o) be the second derivative of 2/3*o**3 + 0 - 6*o - 3*o**2. What is the tens digit of t(11)?
3
Suppose 4*p - 13 = -1. Suppose -5 = -2*i + p. Suppose -n + 5*y = -5*n + 24, 5*n - i*y = 30. What is the units digit of n?
6
Suppose 9 = -q - 9. Let c = 16 + q. What is the tens digit of 132/(-9)*(c + -1)?
4
Let c(w) = -w**3 + 12*w**2 + 13*w + 5. Let t be c(13). Let z be (-1140)/(-100) + (-2)/t. Suppose 0 = v - 4 - z. What is the tens digit of v?
1
What is the tens digit of (-100)/10 - -173 - (-4 - -1)?
6
Let v be (-2 - -1) + (-72)/(-8). What is the tens digit of v/60 - (-1076)/30?
3
Let l = 1 - -233. What is the tens digit of l?
3
Suppose -10 = -4*d - 2*w, -6 - 5 = -3*d - 5*w. Suppose -8*o - d*o + 450 = 0. What is the units digit of o?
5
Suppose t + 1 = -k, 4*t + 12 + 8 = 4*k. Let a = 1 + k. Suppose 25 = a*g - 128. What is the units digit of g?
1
Let p = 68 - 35. Let f = p - 3. What is the tens digit of f?
3
Let j be ((-10)/(-3))/((-36)/162). Let t = 65 + j. What is 